{"id":322,"date":"2017-06-06T10:43:03","date_gmt":"2017-06-06T07:43:03","guid":{"rendered":"http:\/\/jalasjarvenmuseo.fi\/?page_id=322"},"modified":"2017-06-06T10:43:03","modified_gmt":"2017-06-06T07:43:03","slug":"jalasjarven-vaakuna","status":"publish","type":"page","link":"https:\/\/jalasjarvenmuseo.fi\/wordpress\/jalasjarven-vaakuna\/","title":{"rendered":"Jalasj\u00e4rven vaakuna"},"content":{"rendered":"<p>Jalasj\u00e4rven kunnan liitytty\u00e4 Kurikan kaupunkiin vuonna 2016 Jalasj\u00e4rven kunnanvaltuusto my\u00f6nsi vaakunan k\u00e4ytt\u00f6oikeuden Jalasj\u00e4rvi-Seura ry:lle. Seuran johtokunta voi anomuksesta my\u00f6nt\u00e4\u00e4 yhteis\u00f6lle luvan k\u00e4ytt\u00e4\u00e4 vaakunaa perustellusti erityiseen tarkoitukseen.<br \/>\nVaakunan on suunnitellut Ahti Hammar. Se hyv\u00e4ksyttiin Jalasj\u00e4rven kunnanvaltuuston kokouksessa syyskuussa 1951, mink\u00e4 j\u00e4lkeen Sis\u00e4asianministeri\u00f6 vahvisti sen k\u00e4ytt\u00f6\u00f6n. Vaakunan sinisess\u00e4 kent\u00e4ss\u00e4 on kaksi punanorkkoista hopeista koivua.<\/p>\n<p><img loading=\"lazy\" decoding=\"async\" class=\"size-full wp-image-103 aligncenter\" src=\"https:\/\/jalasjarvenmuseo.fi\/wordpress\/wp-content\/uploads\/Jalasj\u00e4rvi.jpg\" alt=\"\" width=\"160\" height=\"186\" \/><\/p>\n","protected":false},"excerpt":{"rendered":"<p>Jalasj\u00e4rven kunnan liitytty\u00e4 Kurikan kaupunkiin vuonna 2016 Jalasj\u00e4rven kunnanvaltuusto my\u00f6nsi vaakunan k\u00e4ytt\u00f6oikeuden Jalasj\u00e4rvi-Seura ry:lle. Seuran johtokunta voi anomuksesta my\u00f6nt\u00e4\u00e4 yhteis\u00f6lle luvan k\u00e4ytt\u00e4\u00e4 vaakunaa perustellusti erityiseen tarkoitukseen. Vaakunan on suunnitellut Ahti Hammar. Se hyv\u00e4ksyttiin Jalasj\u00e4rven kunnanvaltuuston kokouksessa syyskuussa 1951, mink\u00e4 j\u00e4lkeen Sis\u00e4asianministeri\u00f6 vahvisti sen k\u00e4ytt\u00f6\u00f6n. Vaakunan sinisess\u00e4 kent\u00e4ss\u00e4 on kaksi punanorkkoista hopeista koivua.<\/p>\n","protected":false},"author":1,"featured_media":0,"parent":0,"menu_order":0,"comment_status":"closed","ping_status":"closed","template":"","meta":{"footnotes":""},"class_list":["post-322","page","type-page","status-publish","hentry"],"_links":{"self":[{"href":"https:\/\/jalasjarvenmuseo.fi\/wordpress\/wp-json\/wp\/v2\/pages\/322","targetHints":{"allow":["GET"]}}],"collection":[{"href":"https:\/\/jalasjarvenmuseo.fi\/wordpress\/wp-json\/wp\/v2\/pages"}],"about":[{"href":"https:\/\/jalasjarvenmuseo.fi\/wordpress\/wp-json\/wp\/v2\/types\/page"}],"author":[{"embeddable":true,"href":"https:\/\/jalasjarvenmuseo.fi\/wordpress\/wp-json\/wp\/v2\/users\/1"}],"replies":[{"embeddable":true,"href":"https:\/\/jalasjarvenmuseo.fi\/wordpress\/wp-json\/wp\/v2\/comments?post=322"}],"version-history":[{"count":1,"href":"https:\/\/jalasjarvenmuseo.fi\/wordpress\/wp-json\/wp\/v2\/pages\/322\/revisions"}],"predecessor-version":[{"id":323,"href":"https:\/\/jalasjarvenmuseo.fi\/wordpress\/wp-json\/wp\/v2\/pages\/322\/revisions\/323"}],"wp:attachment":[{"href":"https:\/\/jalasjarvenmuseo.fi\/wordpress\/wp-json\/wp\/v2\/media?parent=322"}],"curies":[{"name":"wp","href":"https:\/\/api.w.org\/{rel}","templated":true}]}}