{"id":27,"date":"2017-04-16T17:09:12","date_gmt":"2017-04-16T14:09:12","guid":{"rendered":"http:\/\/jalasjarvenmuseo.fi\/?page_id=27"},"modified":"2023-08-02T17:49:58","modified_gmt":"2023-08-02T14:49:58","slug":"myytavat-tuotteet","status":"publish","type":"page","link":"https:\/\/jalasjarvenmuseo.fi\/wordpress\/myytavat-tuotteet\/","title":{"rendered":"Myyt\u00e4v\u00e4t tuotteet"},"content":{"rendered":"<p><strong>JALASJ\u00c4RVI T-PAITA<\/strong><\/p>\n<p>Jalasj\u00e4rvipaitoja voi ostaa museolta aukioloaikoina tai ottamalla yhteytt\u00e4 Jalasj\u00e4rvi-Seuraan.<br \/>\nNiit\u00e4 myyd\u00e4\u00e4n my\u00f6s satunnaisesti tapahtumissa. Paidan voi hankkia t\u00e4ll\u00e4 sivulla olevalla tilauslomakkeella, ellei ole tarvetta sovittaa paitaa. Paidan hintaan lis\u00e4t\u00e4\u00e4n pakkaus- ja postituskulut painon mukaan.<br \/>\nPaidat ovat laadukasta trikoota ja ne ovat lyhythihaisia. Paidoissa on painettuna Jalasj\u00e4rven vaakuna.<\/p>\n<p><img loading=\"lazy\" decoding=\"async\" class=\"alignnone size-large wp-image-312\" src=\"https:\/\/jalasjarvenmuseo.fi\/wordpress\/wp-content\/uploads\/Vaakunapaita-1024x683.jpg\" alt=\"\" width=\"625\" height=\"417\" srcset=\"https:\/\/jalasjarvenmuseo.fi\/wordpress\/wp-content\/uploads\/Vaakunapaita-1024x683.jpg 1024w, https:\/\/jalasjarvenmuseo.fi\/wordpress\/wp-content\/uploads\/Vaakunapaita-300x200.jpg 300w, https:\/\/jalasjarvenmuseo.fi\/wordpress\/wp-content\/uploads\/Vaakunapaita-768x512.jpg 768w, https:\/\/jalasjarvenmuseo.fi\/wordpress\/wp-content\/uploads\/Vaakunapaita-624x416.jpg 624w\" sizes=\"auto, (max-width: 625px) 100vw, 625px\" \/><\/p>\n<p>Vaakunapainatus on edess\u00e4 vasemmalla puolella. N\u00e4it\u00e4 paitoja on saatavilla mustana ja turkoosinsinisen\u00e4. Koot S,M,L,XL-5XL Hinta 25\u20ac<\/p>\n<p>&nbsp;<\/p>\n<p><strong>JALASJ\u00c4RVEN JOULU<\/strong>: <a href=\"https:\/\/jalasjarvenmuseo.fi\/wordpress\/jalasjarven-joulu\/\">lehden tilaus ja myynti l\u00f6ytyy T\u00c4ST\u00c4<\/a>.<\/p>\n<p><strong>KIRJALLISUUS<\/strong><\/p>\n<p>Kirjallisuutta voi hankkia museolta aukioloaikoina tai ottamalla yhteytt\u00e4 Jalasj\u00e4rvi-Seuraan. Valikoimaa voit selata klikkaamalla tuotekuvaston kuvakkeita ja tilaaminen on k\u00e4tev\u00e4\u00e4 my\u00f6s oheisella lomakkeella. Tuotteen hintaan lis\u00e4t\u00e4\u00e4n pakkaus- ja postituskulut painon mukaan.<\/p>\n<style type=\"text\/css\">\n#foogallery-gallery-307 .fg-image { width: 140px; }\n#foogallery-gallery-307 { --fg-gutter: 10px; }<\/style>\n\t\t\t<div class=\"foogallery foogallery-container foogallery-default foogallery-lightbox-foobox fg-center fg-default fg-ready fg-light fg-border-thin fg-shadow-small fg-loading-default fg-loaded-fade-in fg-hover-fade fg-hover-zoom\" id=\"foogallery-gallery-307\" data-foogallery=\"{&quot;item&quot;:{&quot;showCaptionTitle&quot;:true,&quot;showCaptionDescription&quot;:false},&quot;lazy&quot;:true}\" style=\"--fg-title-line-clamp: 0; --fg-description-line-clamp: 0;\" >\n\t<div class=\"fg-item fg-type-image fg-idle\"><figure class=\"fg-item-inner\"><a href=\"https:\/\/jalasjarvenmuseo.fi\/wordpress\/wp-content\/uploads\/A..jpg\" data-attachment-id=\"298\" data-type=\"image\" class=\"fg-thumb\"><span class=\"fg-image-wrap\"><img decoding=\"async\" width=\"140\" height=\"140\" class=\"skip-lazy fg-image\" data-src-fg=\"https:\/\/jalasjarvenmuseo.fi\/wordpress\/wp-content\/uploads\/cache\/A_\/2049320270.jpg\" src=\"data:image\/svg+xml,%3Csvg%20xmlns%3D%22http%3A%2F%2Fwww.w3.org%2F2000%2Fsvg%22%20width%3D%22140%22%20height%3D%22140%22%20viewBox%3D%220%200%20140%20140%22%3E%3C%2Fsvg%3E\" loading=\"eager\"><\/span><span class=\"fg-image-overlay\"><\/span><\/a><\/figure><div class=\"fg-loader\"><\/div><\/div><div class=\"fg-item fg-type-image fg-idle\"><figure class=\"fg-item-inner\"><a href=\"https:\/\/jalasjarvenmuseo.fi\/wordpress\/wp-content\/uploads\/B..jpg\" data-attachment-id=\"299\" data-type=\"image\" class=\"fg-thumb\"><span class=\"fg-image-wrap\"><img decoding=\"async\" width=\"140\" height=\"140\" class=\"skip-lazy fg-image\" data-src-fg=\"https:\/\/jalasjarvenmuseo.fi\/wordpress\/wp-content\/uploads\/cache\/B_\/3137188637.jpg\" src=\"data:image\/svg+xml,%3Csvg%20xmlns%3D%22http%3A%2F%2Fwww.w3.org%2F2000%2Fsvg%22%20width%3D%22140%22%20height%3D%22140%22%20viewBox%3D%220%200%20140%20140%22%3E%3C%2Fsvg%3E\" loading=\"eager\"><\/span><span class=\"fg-image-overlay\"><\/span><\/a><\/figure><div class=\"fg-loader\"><\/div><\/div><div class=\"fg-item fg-type-image fg-idle\"><figure class=\"fg-item-inner\"><a href=\"https:\/\/jalasjarvenmuseo.fi\/wordpress\/wp-content\/uploads\/C..jpg\" data-attachment-id=\"300\" data-type=\"image\" class=\"fg-thumb\"><span class=\"fg-image-wrap\"><img decoding=\"async\" width=\"140\" height=\"140\" class=\"skip-lazy fg-image\" data-src-fg=\"https:\/\/jalasjarvenmuseo.fi\/wordpress\/wp-content\/uploads\/cache\/C_\/931641411.jpg\" src=\"data:image\/svg+xml,%3Csvg%20xmlns%3D%22http%3A%2F%2Fwww.w3.org%2F2000%2Fsvg%22%20width%3D%22140%22%20height%3D%22140%22%20viewBox%3D%220%200%20140%20140%22%3E%3C%2Fsvg%3E\" loading=\"eager\"><\/span><span class=\"fg-image-overlay\"><\/span><\/a><\/figure><div class=\"fg-loader\"><\/div><\/div><div class=\"fg-item fg-type-image fg-idle\"><figure class=\"fg-item-inner\"><a href=\"https:\/\/jalasjarvenmuseo.fi\/wordpress\/wp-content\/uploads\/D.-1.jpg\" data-attachment-id=\"418\" data-type=\"image\" class=\"fg-thumb\"><span class=\"fg-image-wrap\"><img decoding=\"async\" width=\"140\" height=\"140\" class=\"skip-lazy fg-image\" data-src-fg=\"https:\/\/jalasjarvenmuseo.fi\/wordpress\/wp-content\/uploads\/cache\/D_-1\/1936181144.jpg\" src=\"data:image\/svg+xml,%3Csvg%20xmlns%3D%22http%3A%2F%2Fwww.w3.org%2F2000%2Fsvg%22%20width%3D%22140%22%20height%3D%22140%22%20viewBox%3D%220%200%20140%20140%22%3E%3C%2Fsvg%3E\" loading=\"eager\"><\/span><span class=\"fg-image-overlay\"><\/span><\/a><\/figure><div class=\"fg-loader\"><\/div><\/div><div class=\"fg-item fg-type-image fg-idle\"><figure class=\"fg-item-inner\"><a href=\"https:\/\/jalasjarvenmuseo.fi\/wordpress\/wp-content\/uploads\/E..jpg\" data-attachment-id=\"302\" data-type=\"image\" class=\"fg-thumb\"><span class=\"fg-image-wrap\"><img decoding=\"async\" width=\"140\" height=\"140\" class=\"skip-lazy fg-image\" data-src-fg=\"https:\/\/jalasjarvenmuseo.fi\/wordpress\/wp-content\/uploads\/cache\/E_\/1833013924.jpg\" src=\"data:image\/svg+xml,%3Csvg%20xmlns%3D%22http%3A%2F%2Fwww.w3.org%2F2000%2Fsvg%22%20width%3D%22140%22%20height%3D%22140%22%20viewBox%3D%220%200%20140%20140%22%3E%3C%2Fsvg%3E\" loading=\"eager\"><\/span><span class=\"fg-image-overlay\"><\/span><\/a><\/figure><div class=\"fg-loader\"><\/div><\/div><div class=\"fg-item fg-type-image fg-idle\"><figure class=\"fg-item-inner\"><a href=\"https:\/\/jalasjarvenmuseo.fi\/wordpress\/wp-content\/uploads\/F..jpg\" data-attachment-id=\"303\" data-type=\"image\" class=\"fg-thumb\"><span class=\"fg-image-wrap\"><img decoding=\"async\" width=\"140\" height=\"140\" class=\"skip-lazy fg-image\" data-src-fg=\"https:\/\/jalasjarvenmuseo.fi\/wordpress\/wp-content\/uploads\/cache\/F_\/2912552183.jpg\" src=\"data:image\/svg+xml,%3Csvg%20xmlns%3D%22http%3A%2F%2Fwww.w3.org%2F2000%2Fsvg%22%20width%3D%22140%22%20height%3D%22140%22%20viewBox%3D%220%200%20140%20140%22%3E%3C%2Fsvg%3E\" loading=\"eager\"><\/span><span class=\"fg-image-overlay\"><\/span><\/a><\/figure><div class=\"fg-loader\"><\/div><\/div><div class=\"fg-item fg-type-image fg-idle\"><figure class=\"fg-item-inner\"><a href=\"https:\/\/jalasjarvenmuseo.fi\/wordpress\/wp-content\/uploads\/G..jpg\" data-attachment-id=\"304\" data-type=\"image\" class=\"fg-thumb\"><span class=\"fg-image-wrap\"><img decoding=\"async\" width=\"140\" height=\"140\" class=\"skip-lazy fg-image\" data-src-fg=\"https:\/\/jalasjarvenmuseo.fi\/wordpress\/wp-content\/uploads\/cache\/G_\/970149781.jpg\" src=\"data:image\/svg+xml,%3Csvg%20xmlns%3D%22http%3A%2F%2Fwww.w3.org%2F2000%2Fsvg%22%20width%3D%22140%22%20height%3D%22140%22%20viewBox%3D%220%200%20140%20140%22%3E%3C%2Fsvg%3E\" loading=\"eager\"><\/span><span class=\"fg-image-overlay\"><\/span><\/a><\/figure><div class=\"fg-loader\"><\/div><\/div><div class=\"fg-item fg-type-image fg-idle\"><figure class=\"fg-item-inner\"><a href=\"https:\/\/jalasjarvenmuseo.fi\/wordpress\/wp-content\/uploads\/H..jpg\" data-attachment-id=\"305\" data-type=\"image\" class=\"fg-thumb\"><span class=\"fg-image-wrap\"><img decoding=\"async\" width=\"140\" height=\"140\" class=\"skip-lazy fg-image\" data-src-fg=\"https:\/\/jalasjarvenmuseo.fi\/wordpress\/wp-content\/uploads\/cache\/H_\/524036818.jpg\" src=\"data:image\/svg+xml,%3Csvg%20xmlns%3D%22http%3A%2F%2Fwww.w3.org%2F2000%2Fsvg%22%20width%3D%22140%22%20height%3D%22140%22%20viewBox%3D%220%200%20140%20140%22%3E%3C%2Fsvg%3E\" loading=\"eager\"><\/span><span class=\"fg-image-overlay\"><\/span><\/a><\/figure><div class=\"fg-loader\"><\/div><\/div><div class=\"fg-item fg-type-image fg-idle\"><figure class=\"fg-item-inner\"><a href=\"https:\/\/jalasjarvenmuseo.fi\/wordpress\/wp-content\/uploads\/I..jpg\" data-attachment-id=\"306\" data-type=\"image\" class=\"fg-thumb\"><span class=\"fg-image-wrap\"><img decoding=\"async\" width=\"140\" height=\"140\" class=\"skip-lazy fg-image\" data-src-fg=\"https:\/\/jalasjarvenmuseo.fi\/wordpress\/wp-content\/uploads\/cache\/I_\/3637364586.jpg\" src=\"data:image\/svg+xml,%3Csvg%20xmlns%3D%22http%3A%2F%2Fwww.w3.org%2F2000%2Fsvg%22%20width%3D%22140%22%20height%3D%22140%22%20viewBox%3D%220%200%20140%20140%22%3E%3C%2Fsvg%3E\" loading=\"eager\"><\/span><span class=\"fg-image-overlay\"><\/span><\/a><\/figure><div class=\"fg-loader\"><\/div><\/div><\/div>\n\n<p><strong>Tilauslomake\u00a0<\/strong><\/p>\n\n<div class=\"wpcf7 no-js\" id=\"wpcf7-f193-o1\" lang=\"fi\" dir=\"ltr\" data-wpcf7-id=\"193\">\n<div class=\"screen-reader-response\"><p role=\"status\" aria-live=\"polite\" aria-atomic=\"true\"><\/p> <ul><\/ul><\/div>\n<form action=\"\/wordpress\/wp-json\/wp\/v2\/pages\/27#wpcf7-f193-o1\" method=\"post\" class=\"wpcf7-form init\" aria-label=\"Yhteydenottolomake\" novalidate=\"novalidate\" data-status=\"init\">\n<fieldset class=\"hidden-fields-container\"><input type=\"hidden\" name=\"_wpcf7\" value=\"193\" \/><input type=\"hidden\" name=\"_wpcf7_version\" value=\"6.1.5\" \/><input type=\"hidden\" name=\"_wpcf7_locale\" value=\"fi\" \/><input type=\"hidden\" name=\"_wpcf7_unit_tag\" value=\"wpcf7-f193-o1\" \/><input type=\"hidden\" name=\"_wpcf7_container_post\" value=\"0\" \/><input type=\"hidden\" name=\"_wpcf7_posted_data_hash\" value=\"\" \/>\n<\/fieldset>\n<h4>Maksajan nimi ja osoitetiedot\n<\/h4>\n<p><label class=\"pakollinen\"> Nimi<br \/>\n<span class=\"wpcf7-form-control-wrap\" data-name=\"m-nimi\"><input size=\"40\" maxlength=\"400\" class=\"wpcf7-form-control wpcf7-text wpcf7-validates-as-required\" aria-required=\"true\" aria-invalid=\"false\" value=\"\" type=\"text\" name=\"m-nimi\" \/><\/span> <\/label>\n<\/p>\n<p><label class=\"pakollinen\"> Puhelinnumero<br \/>\n<span class=\"wpcf7-form-control-wrap\" data-name=\"puhelin\"><input size=\"40\" maxlength=\"400\" class=\"wpcf7-form-control wpcf7-text wpcf7-validates-as-required\" aria-required=\"true\" aria-invalid=\"false\" value=\"\" type=\"text\" name=\"puhelin\" \/><\/span> <\/label>\n<\/p>\n<p><label class=\"pakollinen\"> Katuosoite<br \/>\n<span class=\"wpcf7-form-control-wrap\" data-name=\"m-katuosoite\"><input size=\"40\" maxlength=\"400\" class=\"wpcf7-form-control wpcf7-text wpcf7-validates-as-required\" aria-required=\"true\" aria-invalid=\"false\" value=\"\" type=\"text\" name=\"m-katuosoite\" \/><\/span> <\/label><br \/>\n<label class=\"pakollinen\"> Postinumero ja paikkakunta<br \/>\n<span class=\"wpcf7-form-control-wrap\" data-name=\"m-postinumero\"><input size=\"40\" maxlength=\"400\" class=\"wpcf7-form-control wpcf7-text wpcf7-validates-as-required\" aria-required=\"true\" aria-invalid=\"false\" value=\"\" type=\"text\" name=\"m-postinumero\" \/><\/span> <\/label>\n<\/p>\n<p><label> S\u00e4hk\u00f6posti<br \/>\n<span class=\"wpcf7-form-control-wrap\" data-name=\"emaili\"><input size=\"40\" maxlength=\"400\" class=\"wpcf7-form-control wpcf7-email wpcf7-text wpcf7-validates-as-email\" aria-invalid=\"false\" value=\"\" type=\"email\" name=\"emaili\" \/><\/span> <\/label>\n<\/p>\n<p><label class=\"pakollinen\"> Haluan laskuni: <\/label><br \/>\n<span class=\"wpcf7-form-control-wrap\" data-name=\"valinta\"><span class=\"wpcf7-form-control wpcf7-radio\"><span class=\"wpcf7-list-item first\"><input type=\"radio\" name=\"valinta\" value=\"Paperisena\" \/><span class=\"wpcf7-list-item-label\">Paperisena<\/span><\/span><span class=\"wpcf7-list-item last\"><input type=\"radio\" name=\"valinta\" value=\"S\u00e4hk\u00f6postiin\" \/><span class=\"wpcf7-list-item-label\">S\u00e4hk\u00f6postiin<\/span><\/span><\/span><\/span>\n<\/p>\n<h4>Saajan nimi ja osoitetiedot t\u00e4ytet\u00e4\u00e4n, jos saaja on eri henkil\u00f6 kuin maksaja.\n<\/h4>\n<p><label> Nimi<br \/>\n<span class=\"wpcf7-form-control-wrap\" data-name=\"s-nimi\"><input size=\"40\" maxlength=\"400\" class=\"wpcf7-form-control wpcf7-text\" aria-invalid=\"false\" value=\"\" type=\"text\" name=\"s-nimi\" \/><\/span> <\/label>\n<\/p>\n<p><label> Katuosoite<br \/>\n<span class=\"wpcf7-form-control-wrap\" data-name=\"s-katuosoite\"><input size=\"40\" maxlength=\"400\" class=\"wpcf7-form-control wpcf7-text\" aria-invalid=\"false\" value=\"\" type=\"text\" name=\"s-katuosoite\" \/><\/span> <\/label>\n<\/p>\n<p><label> Postinumero ja paikkakunta<br \/>\n<span class=\"wpcf7-form-control-wrap\" data-name=\"s-postinumero\"><input size=\"40\" maxlength=\"400\" class=\"wpcf7-form-control wpcf7-text\" aria-invalid=\"false\" value=\"\" type=\"text\" name=\"s-postinumero\" \/><\/span> <\/label>\n<\/p>\n<p><label class=\"pakollinen\"> Tilaukseni<br \/>\n<span class=\"wpcf7-form-control-wrap\" data-name=\"tilaus\"><textarea cols=\"40\" rows=\"10\" maxlength=\"2000\" class=\"wpcf7-form-control wpcf7-textarea matala\" aria-invalid=\"false\" name=\"tilaus\"><\/textarea><\/span><\/label><label><br \/>\n<\/label>\n<\/p>\n<p class=\"pakollinen\">V\u00e4hint\u00e4\u00e4n punaiset kent\u00e4t on t\u00e4ytett\u00e4v\u00e4. Vaihtoehtoisesti voit saada laskusi s\u00e4hk\u00f6postiin.\n<\/p>\n<p><input class=\"wpcf7-form-control wpcf7-submit has-spinner\" type=\"submit\" value=\"L\u00e4het\u00e4\" \/>\n<\/p><div class=\"wpcf7-response-output\" aria-hidden=\"true\"><\/div>\n<\/form>\n<\/div>\n\n","protected":false},"excerpt":{"rendered":"<p>JALASJ\u00c4RVI T-PAITA Jalasj\u00e4rvipaitoja voi ostaa museolta aukioloaikoina tai ottamalla yhteytt\u00e4 Jalasj\u00e4rvi-Seuraan. Niit\u00e4 myyd\u00e4\u00e4n my\u00f6s satunnaisesti tapahtumissa. Paidan voi hankkia t\u00e4ll\u00e4 sivulla olevalla tilauslomakkeella, ellei ole tarvetta sovittaa paitaa. Paidan hintaan lis\u00e4t\u00e4\u00e4n pakkaus- ja postituskulut painon mukaan. Paidat ovat laadukasta trikoota ja ne ovat lyhythihaisia. Paidoissa on painettuna Jalasj\u00e4rven vaakuna. Vaakunapainatus on edess\u00e4 vasemmalla puolella. N\u00e4it\u00e4 [&hellip;]<\/p>\n","protected":false},"author":1,"featured_media":0,"parent":0,"menu_order":0,"comment_status":"closed","ping_status":"closed","template":"","meta":{"footnotes":""},"class_list":["post-27","page","type-page","status-publish","hentry"],"_links":{"self":[{"href":"https:\/\/jalasjarvenmuseo.fi\/wordpress\/wp-json\/wp\/v2\/pages\/27","targetHints":{"allow":["GET"]}}],"collection":[{"href":"https:\/\/jalasjarvenmuseo.fi\/wordpress\/wp-json\/wp\/v2\/pages"}],"about":[{"href":"https:\/\/jalasjarvenmuseo.fi\/wordpress\/wp-json\/wp\/v2\/types\/page"}],"author":[{"embeddable":true,"href":"https:\/\/jalasjarvenmuseo.fi\/wordpress\/wp-json\/wp\/v2\/users\/1"}],"replies":[{"embeddable":true,"href":"https:\/\/jalasjarvenmuseo.fi\/wordpress\/wp-json\/wp\/v2\/comments?post=27"}],"version-history":[{"count":20,"href":"https:\/\/jalasjarvenmuseo.fi\/wordpress\/wp-json\/wp\/v2\/pages\/27\/revisions"}],"predecessor-version":[{"id":889,"href":"https:\/\/jalasjarvenmuseo.fi\/wordpress\/wp-json\/wp\/v2\/pages\/27\/revisions\/889"}],"wp:attachment":[{"href":"https:\/\/jalasjarvenmuseo.fi\/wordpress\/wp-json\/wp\/v2\/media?parent=27"}],"curies":[{"name":"wp","href":"https:\/\/api.w.org\/{rel}","templated":true}]}}