{"id":171,"date":"2017-06-02T22:35:00","date_gmt":"2017-06-02T19:35:00","guid":{"rendered":"http:\/\/jalasjarvenmuseo.fi\/?page_id=171"},"modified":"2026-01-23T10:41:30","modified_gmt":"2026-01-23T08:41:30","slug":"ajankohtaista","status":"publish","type":"page","link":"https:\/\/jalasjarvenmuseo.fi\/wordpress\/ajankohtaista\/","title":{"rendered":"Ajankohtaista"},"content":{"rendered":"<p><strong>Jalasj\u00e4rvi-Seura ry:n uutisia<\/strong><\/p>\n<p>Jalasj\u00e4rvi-Seura valitsi syyskokouksessaan joulukuussa 2025 seuralle uuden<br \/>\npuheenjohtajan.<\/p>\n<p>Puheenjohtajaksi valittiin Yhteiskuntatieteen kandidaatti Mari<br \/>\nM\u00e4ki-Karvia. Seuran pitk\u00e4aikainen puheenjohtaja Hilkka Haapam\u00e4ki toimi<br \/>\npuheenjohtajana 22 vuotta. Hilkka valittiin kokouksessa<br \/>\nJalasj\u00e4rvi-Seuran kunniapuheenjohtajaksi. Mari on ollut mukana seuran<br \/>\ntoiminnassa parin vuoden ajan. Varapuheenjohtajana jatkaa Aino Nevala,<br \/>\njoka hoitaa my\u00f6s Pelimannituvan varaukset.<\/p>\n","protected":false},"excerpt":{"rendered":"<p>Jalasj\u00e4rvi-Seura ry:n uutisia Jalasj\u00e4rvi-Seura valitsi syyskokouksessaan joulukuussa 2025 seuralle uuden puheenjohtajan. Puheenjohtajaksi valittiin Yhteiskuntatieteen kandidaatti Mari M\u00e4ki-Karvia. Seuran pitk\u00e4aikainen puheenjohtaja Hilkka Haapam\u00e4ki toimi puheenjohtajana 22 vuotta. Hilkka valittiin kokouksessa Jalasj\u00e4rvi-Seuran kunniapuheenjohtajaksi. Mari on ollut mukana seuran toiminnassa parin vuoden ajan. Varapuheenjohtajana jatkaa Aino Nevala, joka hoitaa my\u00f6s Pelimannituvan varaukset.<\/p>\n","protected":false},"author":1,"featured_media":0,"parent":0,"menu_order":0,"comment_status":"closed","ping_status":"closed","template":"","meta":{"footnotes":""},"class_list":["post-171","page","type-page","status-publish","hentry"],"_links":{"self":[{"href":"https:\/\/jalasjarvenmuseo.fi\/wordpress\/wp-json\/wp\/v2\/pages\/171","targetHints":{"allow":["GET"]}}],"collection":[{"href":"https:\/\/jalasjarvenmuseo.fi\/wordpress\/wp-json\/wp\/v2\/pages"}],"about":[{"href":"https:\/\/jalasjarvenmuseo.fi\/wordpress\/wp-json\/wp\/v2\/types\/page"}],"author":[{"embeddable":true,"href":"https:\/\/jalasjarvenmuseo.fi\/wordpress\/wp-json\/wp\/v2\/users\/1"}],"replies":[{"embeddable":true,"href":"https:\/\/jalasjarvenmuseo.fi\/wordpress\/wp-json\/wp\/v2\/comments?post=171"}],"version-history":[{"count":7,"href":"https:\/\/jalasjarvenmuseo.fi\/wordpress\/wp-json\/wp\/v2\/pages\/171\/revisions"}],"predecessor-version":[{"id":974,"href":"https:\/\/jalasjarvenmuseo.fi\/wordpress\/wp-json\/wp\/v2\/pages\/171\/revisions\/974"}],"wp:attachment":[{"href":"https:\/\/jalasjarvenmuseo.fi\/wordpress\/wp-json\/wp\/v2\/media?parent=171"}],"curies":[{"name":"wp","href":"https:\/\/api.w.org\/{rel}","templated":true}]}}

<p><strong>Jalasjärvi-Seura ry:n uutisia</strong></p>
<p>Jalasjärvi-Seura valitsi syyskokouksessaan joulukuussa 2025 seuralle uuden<br />
puheenjohtajan.</p>
<p>Puheenjohtajaksi valittiin Yhteiskuntatieteen kandidaatti Mari<br />
Mäki-Karvia. Seuran pitkäaikainen puheenjohtaja Hilkka Haapamäki toimi<br />
puheenjohtajana 22 vuotta. Hilkka valittiin kokouksessa<br />
Jalasjärvi-Seuran kunniapuheenjohtajaksi. Mari on ollut mukana seuran<br />
toiminnassa parin vuoden ajan. Varapuheenjohtajana jatkaa Aino Nevala,<br />
joka hoitaa myös Pelimannituvan varaukset.</p>

<p>Jalasjärvi-Seura ry:n uutisia Jalasjärvi-Seura valitsi syyskokouksessaan joulukuussa 2025 seuralle uuden puheenjohtajan. Puheenjohtajaksi valittiin Yhteiskuntatieteen kandidaatti Mari Mäki-Karvia. Seuran pitkäaikainen puheenjohtaja Hilkka Haapamäki toimi puheenjohtajana 22 vuotta. Hilkka valittiin kokouksessa Jalasjärvi-Seuran kunniapuheenjohtajaksi. Mari on ollut mukana seuran toiminnassa parin vuoden ajan. Varapuheenjohtajana jatkaa Aino Nevala, joka hoitaa myös Pelimannituvan varaukset.</p>
